= -2*x, 0 = x + k - 2. Let w(n) = n + 24. Calculate w(u).
24
Let i(g) = -g**3 - 2*g**2 + 3*g - 1. Suppose -7*d = -4*d. Let m = -7 - -12. Suppose m = y, d = -r - y - 4*y + 27. Determine i(r).
-11
Let m(v) = v**3 - 4*v**2 - 4*v - 3. Let p be m(5). Let i(l) = l**3 - 3 + p*l**2 - 3*l**2 - 33*l + 32*l. Let o be i(0). Let s(d) = -3*d - 2. Give s(o).
7
Let b(n) = n + 27. Let j be (-119)/(-17) + 6 + -1. Calculate b(j).
39
Suppose -23*x - 27*x = 39*x + 1958. Let f(o) = -o - 9. Give f(x).
13
Let u(i) = i. Let s(x) = 2*x**2 - 15*x + 6. Suppose 3*h + a - 16 = -0*a, -h + 14 = -4*a. Let k be s(h). Let v be (-32)/k - (-8)/6. Determine u(v).
4
Let d be 22/(-11) - 2*9. Let f = d + 22. Suppose l - 19 = 4*y, f*l + 3 = -l. Let a(q) = -q**2 - 4*q + 2. Give a(y).
-3
Let z(d) = d**2 - 2. Suppose 0 = -4*t + 3*r - 343, -r - 254 = 3*t - 0*r. Let l = t - -93. Suppose l - 6 = -w. Determine z(w).
2
Suppose -5*x = -24 - 11. Suppose -z - 1 = n, -5*z - 3*n = -9*z + 17. Let q(y) = -6*y - 1 - 5 + y**3 - 4*y**2 - z*y**2. Give q(x).
1
Let a(l) = -l**2 + 6*l - 3. Let z be 172/6 + (-57)/(-171). Suppose 5*t + 3*k - z = 0, 0 = 2*k - 2 - 4. What is a(t)?
5
Suppose -d + 1 + 6 = 5*s, 4 = d + 2*s. Suppose 10 = -3*x - 5*i + 1, 19 = 2*x - 5*i. Let z(m) = 142*m**d - 7*m - 141*m**x + 1 + 5. Calculate z(5).
-4
Let q(n) = 2*n + 3*n + 3*n + 17*n**2 - 1 - n - 3*n**3. Let r(b) = 4*b**3 - 25*b**2 - 10*b + 1. Let x(c) = 7*q(c) + 5*r(c). Let a = -3 + -3. What is x(a)?
4
Let b be (-8)/(-3)*(-9)/(-6). Let c(m) = 6*m + b*m - m - 5*m + m**2. Suppose 0 = -p - 2 - 3. What is c(p)?
5
Let j(l) = 5*l - 28. Let v be ((-36)/15)/(1 - 35/25). Calculate j(v).
2
Suppose 0 = -0*o - 5*o - 10. Let b be (-2)/4*(0 + o). Let l(u) = 4*u**3 + 7*u**2 + u + 7. Let k(j) = j**3 + 3*j**2 + 3. Let t(y) = 5*k(y) - 2*l(y). Give t(b).
-3
Let l(y) = -y**2 + 5*y + 3. Let x be (-4)/4*8/6 - (-1102)/174. Give l(x).
3
Let m(y) be the first derivative of 2*y + 8*y + 2 - 3*y - y**2 - 24. Suppose 2*j = -5*z + 4 + 21, -9 = -3*z. Determine m(j).
-3
Let l be 1/4 + (-147)/12. Let c(i) = -9*i**3 - 17*i**2 - 10*i - 18. Let o(b) = -16*b**3 - 33*b**2 - 21*b - 36. Let a(n) = -7*c(n) + 4*o(n). What is a(l)?
6
Suppose -20144 = 5*f - 20114. Let p(s) = -2*s**2 - 17*s - 13. Give p(f).
17
Let i(y) = 6*y**2 + 1. Let z(a) = -31*a**2 + 8*a - 4. Let o(x) = -11*i(x) - 2*z(x). Calculate o(-6).
-51
Let v be (4/8)/(8/96). Let q(r) = 27*r - 162. Let o be q(v). Let w(a) = a - 5. What is w(o)?
-5
Suppose -3*c - 4*q - 10 = -5*c, -c + 5*q = -11. Let a(b) = -b - 7. Let h(t) = t + 1. Let f(x) = c*a(x) + 2*h(x). Calculate f(4).
-1
Let g(s) = s + 92. Let y be g(-8). Let d be 10/25 - y/10. Let f(p) = p**3 + 9*p**2 + 9*p + 9. Calculate f(d).
1
Let i(u) = 2*u + 23. Let y be i(-10). Let m(c) = 8*c + 8 - y*c - c. Let a(d) = -8*d**3 + 2*d**2 - 3*d + 3. Let b be a(1). Calculate m(b).
-16
Let r(s) be the first derivative of 10*s**3/3 + s**2/2 + 13809. Let x be (-21)/(-14)*4/(-6). Calculate r(x).
9
Let k(z) = 4 - 12 - 4 - z. Let s = -43 - -46. Suppose 4*d - 3*l = -23, s*d - l + 16 = -0. Calculate k(d).
-7
Let a(o) = o - 10. Suppose -3*s - 42 = -5*i + 13, -4*s + 11 = i. Suppose -i*u = -15*u + 12. Suppose -u = -3*h, 11 = 3*y + h - 11. What is a(y)?
-3
Let f(h) be the second derivative of h**4/12 + 14*h**3/3 + 81*h**2 + 1542*h. What is f(-8)?
2
Let d(u) = u**2 + u. Suppose 2*g = -0*o - 5*o + 195, g + 2*o - 96 = 0. Suppose g - 30 = 20*w. Determine d(w).
12
Let j be 1 + (1 - 1 - -6). Let g(b) = 0*b - 3 + 3*b + j + b. Let n(k) = k**2 - 21*k - 27. Let i be n(22). Calculate g(i).
-16
Suppose 0 = 3*v + 147*b - 143*b - 42, -2*v + 4*b = 12. Let l(c) = 2*c**2 - 10*c - 24. Give l(v).
-12
Let u(a) be the third derivative of -a**6/120 + 7*a**5/60 + a**4/24 - 5*a**3/3 + 8*a**2 - 112. Calculate u(7).
-3
Let s = 16 + -4. Suppose 4*d = -0*d + s. Let j(w) = 3*w**3 + 3 + 8 - w**2 - 2*w**d. What is j(0)?
11
Let q be ((-28)/35)/((1 - 0)/(-65)). Let w = q + -49. Let r(h) = -h**3 + 3*h**2 + 3*h - 3. What is r(w)?
6
Let a(v) = -v**2 + 6*v - 4. Let x(z) = 2*z + 40. Let u(l) = -1. Let d(b) = 10*u(b) - x(b). Let j be d(-31). Suppose j*r - 4 = 11*r. What is a(r)?
4
Let l(y) be the third derivative of -1/4*y**6 - 1/60*y**5 + 0*y + 1 + 6*y**2 + 1/24*y**4 + 0*y**3. Give l(1).
-30
Let v(c) = 45*c - 2 - 8 - 23*c - 23*c. Let q(n) = 3*n + 22. Let a(t) = -2*q(t) - 5*v(t). Determine a(-1).
7
Let k(a) = -3*a. Let z be 1/((-7)/(-21)*(-3)/2). Let i(o) = -9*o. Let c(y) = z*i(y) + 7*k(y). Determine c(6).
-18
Let z(b) = -76*b - 2890. Let a be z(-38). Let i(r) = 0 - 2*r**2 + 3*r**2 + 1 - 2*r. Determine i(a).
9
Suppose 41*d = 50*d + 396. Let p be 36 + d + (0 - -6). Let g(f) = -5*f + 2. Give g(p).
12
Let j = -17 + 11. Let d(s) be the second derivative of 0 + s**2 + 1/12*s**4 + s**3 + 11*s. Determine d(j).
2
Let c(y) = -3*y - 23. Let a(m) = 2*m**2 + 20*m + 53. Let v be a(-6). Let b(g) = -3*g - 21. Let d(j) = v*c(j) - 4*b(j). Determine d(-10).
-1
Let m be (-1 + 3)*(7 - (3 + -6)). Suppose 0 = -8*l + m*l - 876. Let b(z) = 5*z**2 + 5*z + 5 + l*z**3 + 75*z**3 - 149*z**3. Give b(6).
-1
Let g(l) = -l**3 + 7*l**2 - 6*l. Let w be (80/(-60))/((-4)/9). Let s(k) = -5*k - 13 + w + k**2 + 2. Let r be s(7). Calculate g(r).
0
Let i(h) be the second derivative of h**5/10 - h**4/12 - h**3/6 + 41*h**2 - 329*h. Let m(g) be the first derivative of i(g). What is m(-1)?
7
Let k(p) = -374*p**2 + p**3 + 721*p**2 - 5*p - 341*p**2 + 7. What is k(-7)?
-7
Let j(t) = 458 + t - 6*t**2 + 7*t**2 - 459 + t. Let g = -201 - -197. Determine j(g).
7
Let p(s) = 97*s + 1. Let y(g) = 1199*g + 12. Let x(j) = 25*p(j) - 2*y(j). Determine x(-2).
-53
Let d(x) = -x**2 - 1 - x**3 - 1 - 3. Let k be 0/(16/(-4))*(-28 + 29). Give d(k).
-5
Let u be 56/(-2)*3/12 - -2. Let i(w) = 4*w**2 + 2*w - 7. Let v(p) = -3*p**2 - 3*p + 7. Let b(c) = -2*i(c) - 3*v(c). Calculate b(u).
-7
Let f(j) be the third derivative of j**6/120 + j**5/30 - 11*j**4/24 + j**3/3 + 1441*j**2. What is f(2)?
-4
Let h(r) = 62*r - 117. Let q(u) = -u**2 + 46*u - 86. Let a be q(44). Calculate h(a).
7
Let x(s) = 130 - 63 + 2*s - 70 + 0*s. Suppose 5*h - 13*h = 0. Determine x(h).
-3
Let y(h) = 331*h + 1312. Let v be y(-4). Let f(r) = -r**3 - 12*r**2 + 10*r + 124. Calculate f(v).
4
Let s(g) be the second derivative of -g - 1/2*g**2 - 1/2*g**3 + 0. Let i be 74/38 - ((-1440)/285 - -5). Calculate s(i).
-7
Let t(m) = 46*m**2 - 68*m**2 + m**3 + 2*m**3 - 4*m**3 + 11*m**2. Determine t(-11).
0
Let t(a) = 588*a - 182*a + 9 - 218*a - 189*a. Calculate t(-22).
31
Let j(r) be the first derivative of r**3/3 + 9*r**2/2 - 11*r + 706. What is j(-9)?
-11
Let u = -117 + 166. Let w(c) = -48 - 5*c + 155 - u - 57. Give w(3).
-14
Let s(b) = -4*b + 27. Suppose 2*x - 48*o - 26 = -53*o, -o + 34 = 4*x. Determine s(x).
-5
Suppose 603 = 8*u + 707. Let p(g) = -g**3 - 13*g**2 - 12*g + 1. Calculate p(u).
157
Let g(b) = 2*b**2 - 7*b - 13. Let c be g(6). Suppose 2*m + 2 = 2*i, 2*m + i + c = -0*m. Let z(a) = 5*a**2 + 7*a**3 - 2*a**3 - 9 - 4*a**3 - 6*a. What is z(m)?
-9
Let c(z) be the first derivative of -46*z**2 - 9*z - 692. Give c(-1).
83
Let s(k) be the third derivative of 0*k - 123*k**2 + 5/6*k**3 + 0 - 1/60*k**5 + 3/8*k**4. Let p be -1 + -15*2/(-3). Give s(p).
5
Let f = 553 - 531. Let g(k) = f + 40*k + 19*k - 64*k. Calculate g(7).
-13
Let z = 350 + -301. Suppose 0 = 8*y - 4*y + 2*b - 112, 4*b - 89 = -3*y. Let s(h) = -h + z - y + h**2 - 23. What is s(-2)?
5
Let k(u) = u**2 - u - 1. Let z = 208 + -195. Suppose 7*v = -z*v - 20. Calculate k(v).
1
Let x(j) = -2*j - 5. Let m be (-2)/(-5)*(22 + -12). Suppose -m*t + 21 = 65. Let i be 5*-1*t/(-11). Calculate x(i).
5
Suppose -3*n - 2*c = 35, -3*c = -2*n - 41 + 48. Let r(l) = 2*l**3 - 2*l**3 - l**3 - 5 + 4 - 6*l**2 + 7*l. What is r(n)?
-1
Let d = 16 - 17. Let s(j) be the third derivative of -j**6/80 - j**5/120 + 17*j**4/24 - 10*j**2. Let v(i) be the second derivative of s(i). Determine v(d).
8
Let r(c) be the first derivative of 2*c**3/3 - 3*c**2/2 - 7*c - 93. What is r(5)?
28
Let r be (2/(-3))/((-2)/(-18)). Let a(t) be the third derivative of 0 - 16*t**2 + 1/24*t**4 - 2*t + 5/6*t**3. What is a(r)?
-1
Let q(h) = 21*h - 91. Suppose t + 5*d - 35 = 0, -2*t - 14 = -169*d + 165*d. Give q(t).
14
Let s(x) = 21*x - 1761. Let z be s(84). Let g be -3*(0 - (-4)/(-6)). Let q(u) = -4 + 5 + g*u - 4. What is q(z)?
3
Let 